*h**2 - 8*h - 10. Suppose 15 = 5*f, 2*c + 3*f + 7 = -42. Let l = c + 30. Let k(q) = 9*q. Let o be k(l). Give a(o).
-1
Let k(g) = -g**3 - 6*g**2 - 6*g - 3. Let u be k(-5). Let w(o) = -1 + 0 + 7 - u*o + 1. Suppose -9 = -2*f + 1. Give w(f).
-3
Let d(h) = -9*h**3 - 11*h**2 + 5*h + 1. Let n(x) = 5*x**3 + 6*x**2 - 2*x. Let m(l) = -4*d(l) - 7*n(l). Give m(-4).
-12
Let o(u) = -u**2 - 2*u + 4. Let d(j) = -4*j**2 - 44 + 2*j + 4*j**2 + 42 - 5*j**3. Let v be d(1). Calculate o(v).
-11
Let q(n) = n**3 - 5*n**2 - 7*n - 6. Let b be (-12)/(-3) + 2/2. Suppose -7 = b*o - 2. Let r(g) = -5*g + 1. Let s be r(o). Calculate q(s).
-12
Let z be (1 + 110/(-40))/(4/(-16)). Let t(l) be the second derivative of z*l - l**2 + 1/12*l**4 - 1/3*l**3 + 0. Determine t(4).
6
Let a(z) = -4*z - 31. Let v be a(-12). Let k(w) = 0*w + 11 - 6*w + w**3 + 5*w**2 - v. Give k(-6).
-6
Let s(p) = p**3 - 3*p**2 - 4*p - 3. Suppose -5*t + 5 = 10. Let j be 11*t/(-1)*1. Let n(y) = -y + 15. Let k be n(j). Give s(k).
-3
Let d(u) = -2*u + 6. Suppose 4 + 17 = 7*b. Calculate d(b).
0
Let m(f) = 5*f**3 - 5*f**2 - 9*f - 6. Let s(d) = -3*d**3 + 6*d**2 + 9*d + 7. Let n(z) = 2*m(z) + 3*s(z). What is n(-7)?
-5
Let d(r) = -4*r - 1. Let n be (-69)/18 - (-2)/(-12). Determine d(n).
15
Suppose 0 = 6*s - 123 + 3. Let n(f) = -f + 17. Determine n(s).
-3
Let o(q) = q**3 + 4*q**2 - 2*q + 3. Let x(l) = -4*l**3 - 12*l**2 + 4*l - 9. Let m(i) = -7*o(i) - 2*x(i). What is m(3)?
6
Let w(r) = 2*r + 1. Let c be w(2). Let f(v) = v + c - 5 + 0. Suppose 4*n + 16 = k, 3*n = n - 2*k + 2. Calculate f(n).
-3
Suppose 3*u - 36 = m, 0*m - 4*m = -2*u + 24. Suppose 11*b = 7*b + u. Let d(w) = -w + 2*w**3 + 0*w**3 - 4*w**b + 9 + 3*w**3. Calculate d(0).
9
Let c(d) = 3*d**2 + 8*d + 10. Let o be 24/10*35/(-21). Determine c(o).
26
Let n(m) = 20 + 24 - 44 + 16*m. Let h(c) = 3*c + 14. Let g be h(-5). Give n(g).
-16
Let c(n) be the second derivative of -4*n**2 + 0 + 18*n - n**3 + 1/12*n**4. Calculate c(6).
-8
Let m(j) = 3*j**2 - j + 2. Suppose 4*a + 9 - 20 = 5*o, 5*a - 16 = 4*o. Let p(b) = 3*b - 3. Let g be p(o). Suppose -f + g*f = -2. Determine m(f).
12
Let r(u) = u**2 - 8*u + 3. Suppose -35*v + 97 = -78. Give r(v).
-12
Let o(n) = -n**2 - 2*n + 5. Let i be (-2 - -3) + 2 + -10. Let t(q) = -q**2 - 5*q. Let s be t(i). Let u be 3*(s/6 + 1). Calculate o(u).
-3
Let b = -42 - -22. Suppose -4*q - 104 = -0*q. Let g = b - q. Let z(w) = w**2 - 7*w + 1. What is z(g)?
-5
Suppose -2*w + 8 = 0, 3*q + 5*w + 38 - 109 = 0. Let i(t) = 2*t**3 - 34*t**2 - t + 18. Let k be i(q). Let o(d) = -22*d**3 + 2*d**2 - 1. Calculate o(k).
-21
Let u(w) = w - 1. Let i = 6 + -5. Suppose 9 = -4*l + i. Determine u(l).
-3
Suppose -2*q + p = 7, 11 = -4*q - 25*p + 26*p. Let w(s) = s**3 + 5*s**2 + 5*s + 6. Give w(q).
8
Suppose -2*g = 3*b - 9, 13 = -2*g - 4*b + 25. Let i(f) = -f**2 + f + 2. What is i(g)?
2
Suppose 0*h + 28 = -2*h. Let w = h - -9. Let k(s) = 69*s**2 + 2 - 146*s**2 + 81*s**2 + 1 + s**3 - 4*s - 6. Calculate k(w).
-8
Let t(c) = -c**3 + 2*c - 4. Suppose 0 = 130*q - 121*q + 27. What is t(q)?
17
Let s(v) = -v + 3. Let x = 402 + -413. Determine s(x).
14
Let d = 123 - 120. Let u(o) be the second derivative of 0 + o + 2/3*o**d + 1/12*o**4 - 7/2*o**2. Determine u(-5).
-2
Let u(j) = -33*j**2 - 30*j. Let c(g) = 28*g**2 + 30*g + 1. Let l(s) = 7*c(s) + 6*u(s). Give l(15).
7
Let d(y) = -3*y + 7. Let a be (32/6)/((-5)/(-15)). Let i be -3 - (-5)/((-20)/32). Let s = a + i. Calculate d(s).
-8
Suppose 2*n + 2*n - 12 = 0. Let h be ((-18)/n)/((-2)/4). Suppose -5*l = h + 28. Let i(t) = t + 12. What is i(l)?
4
Let f(a) = 2*a**3 + 13*a**2 + 7*a - 1. Let q be f(-6). Let j(r) = -r + 4. Give j(q).
11
Let c(i) = 7*i + 4. Suppose 35 = -5*j + 5*t, -6*t + 14 = -2*j - 2*t. Let g(v) = -4*v - 2. Let a(p) = j*g(p) - 3*c(p). Calculate a(2).
16
Let x(p) = -p - 1. Let j(v) = 3*v + 3. Let o(r) = 6*j(r) + 17*x(r). Let g(m) = -m**2 + 5*m + 7. Let t(l) = -g(l) - o(l). Determine t(8).
8
Let v = 14 - 41. Let x = 28 + v. Let z(h) = -25*h**2. Give z(x).
-25
Let m(g) be the first derivative of -3*g**2/2 + 4*g - 10. Let r(y) = 12*y - 17. Let z(h) = 9*m(h) + 2*r(h). Calculate z(4).
-10
Let u = -35 + 64. Let f(s) = -18 - u + 2*s + 46. Give f(-3).
-7
Let n(r) be the second derivative of r**5/20 + r**4/4 - r**3/3 + r**2 + r + 50. Let u(z) = z**3 - 5*z**2 + 3*z. Let g be u(4). What is n(g)?
-6
Let j = -12 + 12. Suppose j + 4 = b. Let x(g) = 5 + 4*g**2 - b - g + 1 - 3. What is x(-1)?
4
Let c be (3 + -3 - -4) + -6. Let t(v) = -2*v. Let q(y) = -y. Let g(i) = 7*q(i) - 4*t(i). What is g(c)?
-2
Let j(r) be the first derivative of 0*r**2 + 5*r - r**2 - 3 - 5*r. Determine j(-2).
4
Let v(k) = -k**2 - 3*k - 2. Let j be 33/2 - 20/40. Suppose -5*o - j = 9. Give v(o).
-12
Let z(j) = j**3 + j**2 + 1. Let r(o) = -3*o**2 - 3*o + 4. Let b(f) = r(f) - z(f). Give b(-5).
43
Let c(p) = p**2 + 4*p + 6. Let f(n) = n**2 + 11*n - 5. Let t(q) = q**3 + 4*q**2 + 5*q + 9. Let g be t(-4). Let y be f(g). What is c(y)?
11
Suppose 3 = -5*f + 18. Suppose 0 = 3*q + 3*q - 12. Let p(b) = -b**q + 2 + b**3 + b + f*b**2 + b. Calculate p(-2).
-2
Let l(s) = -s**2 - 5*s - 1. Let u be 2/5 + -14*24/140. Calculate l(u).
5
Let n = 43 - 31. Let w = n + -5. Let c(x) = -2*x**3 - 9*x**2 - 8*x - 5. Let z(o) = -3*o**3 - 10*o**2 - 9*o - 4. Let q(d) = 4*c(d) - 3*z(d). Calculate q(w).
6
Let s(y) = -y - 1. Let w(o) = -6*o - 1. Let a be w(-1). Let c be s(a). Let i(x) = -6*x + 2*x + x**2 - 2*x**2 + 3 - 2*x. Determine i(c).
3
Let c(k) be the first derivative of -3*k - 5 + 5/2*k**2 + 1/3*k**3. Let v(a) be the first derivative of c(a). Determine v(4).
13
Let r(u) = u - 1. Let i = 868 + -865. Calculate r(i).
2
Let s(c) = 12*c**3 - 2*c**2 + c. Let o(v) = -v**2 + 33. Let b be o(0). Suppose 2*r + t = 9, 4*r + 0*r + 5*t - b = 0. Suppose -5*z - r = -7*z. Determine s(z).
11
Let l be -4 - 3/9*129. Let v = -47 - l. Let i(f) be the third derivative of f**5/60 + f**3/3 - f**2. What is i(v)?
2
Let w(f) be the second derivative of -f**5/60 - 3*f**4/8 + f**3/3 + 59*f**2/2 + 13*f. Let z(b) be the first derivative of w(b). What is z(-8)?
10
Suppose -p + 0*p = -6. Let r(k) be the second derivative of 1/6*k**3 + 0 - 2*k - 2*k**2. What is r(p)?
2
Let r(c) = -2*c**2 - 6*c - 1. Suppose 2*p + 8*q - 4*q = 8, -2*p - 2*q = 0. Give r(p).
-9
Let o(u) be the third derivative of 5/6*u**3 + 0*u - 1/12*u**4 + 33*u**2 + 0. Give o(6).
-7
Let r(n) be the second derivative of -1/2*n**2 - 1/20*n**5 + 0 + 1/6*n**3 + 0*n**4 - 28*n. What is r(-2)?
5
Suppose -11 = -5*a - 41. Let d(t) be the second derivative of 0 + 0*t**3 + 1/2*t**4 + 1/20*t**5 + 3*t**2 + 8*t. Determine d(a).
6
Let i = -626 + 623. Let u(y) = -3 + 1 + 5 - 3*y. Determine u(i).
12
Let d(h) = -h**2 + 2*h + 3. Suppose 0 = -6*s + 20*s - 168. Let c be -1*(-1 + 2 + -8). Suppose -9 - s = -c*y. Give d(y).
0
Let j(l) be the second derivative of -l**5/20 + l**4/12 + 3*l**2 - 6*l - 1. Determine j(0).
6
Let a(r) = r + 19. Let g(y) = -2*y**2 - 42*y - 40. Let l be g(-20). Give a(l).
19
Let n(o) be the third derivative of o**8/6720 + o**7/280 + 7*o**6/720 - 3*o**5/40 - o**4/6 + 6*o**2. Let g(x) be the second derivative of n(x). Calculate g(-8).
-1
Let v = 282 + -296. Let m(o) = o**2 + 15*o + 18. What is m(v)?
4
Let a be 57/5 - (-3)/5. Suppose 5*d - 67 = -a. Let i = -9 + d. Let c(w) = -w**3 + 3*w**2 - 2. What is c(i)?
2
Suppose 29*g = 33*g. Let a(u) = 4*u - 5 - 3 - 3 + g. Let k(l) = 3*l - 10. Let q(i) = 5*a(i) - 6*k(i). Give q(-6).
-7
Let n(o) = -3*o**2 - 10*o - 7. Let i(v) = v**2 + 4*v + 4. Let z(d) = 5*i(d) + 2*n(d). Give z(-4).
-10
Let m(f) = f**2 - 6*f - 36. Let j be m(-4). Let l(q) = 10*q + 1 - j + 7 - 3*q + q**2. Give l(-8).
12
Let x = 32 + -30. Let k(y) = -14*y**x + 21*y - 21*y. Determine k(-1).
-14
Suppose -120 = -z - 7*z. Let c(n) = -2*n + 26. Give c(z).
-4
Suppose 26 = 3*f + n, -20*f = -16*f - 2*n - 38. Let o(i) = i**2 - 8*i - 8. What is o(f)?
1
Suppose -4*z + 44 = 4*d, 39*z - 43*z - 2*d + 40 = 0. Let c(f) = f**3 - 9*f**2 + 2*f + 1. Give c(z).
19
Let u(t) = 4*t**2 - 21*t + 7. Let o be u(5). Let s(q) = q - 12. Calculate s(o).
-10
Let y(j) be the third derivative of 1/6*j**3 + 1/8*j**4 + 0*j + 1/15*j**5 - 3*j**2 + 0 + 1/120*j**6. Let n be 2/(-5) + 72/(-45). Give y(n).
3
Let y(l) = -2*l + 2. Suppose 2*q = -3*q - 30. Let s(k) = 16*k**3 + k - 2. Let d be s(1). Let h b